a multiple of 374?
True
Does 12 divide 17556?
True
Does 7 divide 104748?
True
Does 7 divide 21601?
False
Is 11033400 a multiple of 105?
True
Is 1583905 a multiple of 864?
False
Does 3 divide 24933?
True
Does 38 divide 869864?
False
Is 80 a factor of 548774?
False
Is 237241 a multiple of 257?
False
Is 11415294 a multiple of 22?
True
Is 16 a factor of 62191?
False
Is 7 a factor of 2453?
False
Does 132 divide 2341020?
True
Is 1652476 a multiple of 7?
True
Is 47 a factor of 1030052?
True
Is 367738 a multiple of 176?
False
Is 53394 even?
True
Is 9176703 a multiple of 111?
True
Is 2 a factor of 1197283?
False
Does 5 divide 58975?
True
Does 41 divide 834678?
True
Is 2802310 a multiple of 245?
True
Is 6 a factor of 102636?
True
Is 34 a factor of 402628?
True
Does 5 divide 888385?
True
Does 343 divide 29498?
True
Does 187 divide 169212?
False
Is 1319682 a multiple of 21?
True
Is 13 a factor of 1645670?
True
Is 2 a factor of 748007?
False
Is 139 a factor of 559058?
True
Does 45 divide 75735?
True
Does 15 divide 176036?
False
Does 19 divide 91067?
True
Does 9 divide 566018?
False
Is 88 a factor of 23736?
False
Is 883183 a multiple of 2?
False
Is 114 a factor of 3823949?
False
Is 743 a multiple of 74?
False
Is 2897693 a multiple of 103?
False
Is 84456 a multiple of 36?
True
Is 5124256 a multiple of 708?
False
Is 23 a factor of 6816593?
False
Is 484730 a multiple of 27?
False
Does 26 divide 3731509?
False
Is 440335 a multiple of 83?
False
Is 1409202 a multiple of 158?
True
Is 413505 a multiple of 405?
True
Is 1912902 a multiple of 2?
True
Does 35 divide 233183?
False
Is 218 a factor of 7713930?
True
Is 158116 a multiple of 28?
True
Is 6 a factor of 810719?
False
Is 72150 a multiple of 3?
True
Does 11 divide 67287?
True
Is 35 a factor of 298738?
False
Does 199 divide 200990?
True
Does 61 divide 1794681?
True
Is 5320 a multiple of 266?
True
Is 4 a factor of 71412?
True
Is 5206866 a multiple of 439?
False
Is 987346 a multiple of 107?
False
Does 5 divide 294030?
True
Is 3201296 a multiple of 97?
False
Is 271 a factor of 106503?
True
Does 92 divide 46460?
True
Does 7 divide 7462?
True
Is 31303 a multiple of 33?
False
Does 39 divide 2942667?
True
Does 22 divide 43076?
True
Is 1434392 a multiple of 34?
True
Does 343 divide 33868?
False
Is 2052810 a multiple of 54?
True
Is 120783 a multiple of 6?
False
Does 910 divide 885822?
False
Does 3 divide 381854?
False
Is 135380 a multiple of 7?
True
Is 75276 a multiple of 41?
True
Is 135 a factor of 121635?
True
Is 19 a factor of 59204?
True
Is 139 a factor of 450221?
True
Does 15 divide 1128360?
True
Is 6 a factor of 1686307?
False
Is 137 a factor of 19747660?
False
Does 12 divide 20162?
False
Does 23 divide 351348?
True
Is 81 a factor of 5707818?
False
Does 122 divide 645136?
True
Is 21 a factor of 12186?
False
Is 622560 a multiple of 60?
True
Is 1030 a factor of 847690?
True
Is 8 a factor of 619696?
True
Is 80938 a multiple of 26?
True
Does 10 divide 2468?
False
Is 19 a factor of 144172?
True
Does 73 divide 7279268?
True
Is 5 a factor of 10096030?
True
Does 696 divide 1284120?
True
Is 491674 a multiple of 426?
False
Is 10 a factor of 116829?
False
Is 1140381 a multiple of 11?
True
Does 83 divide 6048330?
False
Does 660 divide 111202?
False
Is 94966 a multiple of 461?
True
Does 13 divide 165373?
True
Is 270 a factor of 620460?
True
Does 214 divide 8277948?
True
Is 429 a factor of 1523437?
False
Does 145 divide 129892?
False
Does 106 divide 340785?
False
Is 7 a factor of 2913823?
False
Does 18 divide 415404?
True
Is 1108206 a multiple of 129?
False
Is 143 a factor of 15416115?
True
Is 658880 a multiple of 8?
True
Does 46 divide 754115?
False
Is 147237 a multiple of 17?
True
Is 506 a factor of 9649316?
False
Does 92 divide 238650?
False
Is 535392 a multiple of 8?
True
Is 530323 a multiple of 66?
False
Does 28 divide 72940?
True
Is 34 a factor of 1016226?
True
Does 53 divide 1137751?
True
Is 8 a factor of 39535?
False
Is 51535 a multiple of 55?
True
Is 1110792 a multiple of 93?
True
Is 47717 a multiple of 5?
False
Is 48 a factor of 3097003?
False
Is 798550 a multiple of 7?
False
Is 166216 a multiple of 263?
True
Is 2228998 a multiple of 41?
False
Does 58 divide 1186980?
False
Does 161 divide 30510?
False
Is 750438 a multiple of 1069?
True
Does 4 divide 212519?
False
Is 608127 a multiple of 37?
False
Is 35 a factor of 480305?
True
Does 125 divide 155320?
False
Does 418 divide 109934?
True
Is 35805 a multiple of 165?
True
Is 7 a factor of 8305?
False
Is 7 a factor of 273294?
True
Is 5410486 a multiple of 158?
False
Is 673425 a multiple of 1095?
True
Is 79 a factor of 2366682?
True
Is 108 a factor of 149148?
True
Does 479 divide 422957?
True
Does 15 divide 117078?
False
Does 92 divide 229724?
True
Is 4 a factor of 305992?
True
Is 11 a factor of 2532145?
True
Does 1341 divide 5022045?
True
Is 749 a factor of 505236?
False
Is 384783 a multiple of 251?
True
Does 131 divide 314129?
False
Is 11953452 a multiple of 609?
True
Does 6 divide 170302?
False
Is 3 a factor of 15362?
False
Does 15 divide 53055?
True
Is 183119 a multiple of 4?
False
Is 9288 a multiple of 6?
True
Is 158 a factor of 3527490?
False
Is 84006 a multiple of 78?
True
Does 118 divide 234672?
False
Is 170 a factor of 794911?
False
Is 714139 a multiple of 204?
False
Is 50 a factor of 633450?
True
Does 1140 divide 1857669?
False
Does 25 divide 76925?
True
Is 1574 a factor of 13035815?
False
Does 8 divide 42314?
False
Is 975614 a multiple of 127?
True
Is 128397 a multiple of 381?
True
Is 42 a factor of 446880?
True
Is 11 a factor of 111301?
False
Does 1195 divide 5683841?
False
Does 51 divide 64566?
True
Does 3 divide 1686891?
True
Is 132474 a multiple of 11?
False
Is 783 a multiple of 10?
False
Is 27585 a multiple of 20?
False
Does 7 divide 16661407?
True
Is 231666 a multiple of 138?
False
Is 96 a factor of 9873?
False
Is 1575541 a multiple of 319?
True
Does 119 divide 167044?
False
Does 34 divide 2260388?
True
Does 119 divide 1168586?
False
Is 34931 a multiple of 13?
True
Does 139 divide 114115?
False
Is 1418146 a multiple of 4?
False
Is 37 a factor of 360417?
True
Does 49 divide 5685421?
True
Does 59 divide 62687?
False
Does 170 divide 7212143?
False
Does 458 divide 48548?
True
Is 200236 a multiple of 226?
True
Is 363867 a multiple of 7?
True
Does 6 divide 3852?
True
Does 125 divide 2065915?
False
Is 48 a factor of 2581664?
False
Is 235101 a multiple of 12?
False
Does 144 divide 1937762?
False
Is 1399 a factor of 5156714?
True
Does 293 divide 6376266?
True
Is 29 a factor of 253083?
True
Is 10 a factor of 3389550?
True
Does 52 divide 359588?
False
Does 108 divide 2263037?
False
Is 10 a factor of 4425470?
True
Does 3 divide 6321?
True
Is 20225 a multiple of 46?
False
Is 142 a factor of 282296?
True
Is 2859593 a multiple of 7?
False
Does 1282 divide 20976084?
True
Is 639 a factor of 20714891?
False
Is 86 a factor of 285950?
True
Does 1363 divide 7268995?
False
Is 15 a factor of 99518?
False
Does 17 divide 874395?
True
Does 7 divide 1844454?
False
Is 412 a factor of 306749?
False
Does 908 divide 2292726?
False
Does 64 divide 6784471?
False
Is 1299500 a multiple of 125?
True
Is 506901 a multiple of 13?
False
Is 57225 a multiple of 15?
True
Is 162 a factor of 24923323?
False
Does 172 divide 2757817?
False
Is 871340 a multiple of 76?
True
Does 8 divide 2160083?
False
Does 644 divide 526792?
True
Does 11 divide 6483?
False
Is 45 a factor of 155031?
False
Does 253 divide 13357894?
True
Does 44 divide 141724?
True
Does 754 divide 539864?
True
Is 49 a factor of 149067?
False
Is 3 a factor of 9930?
True
Does 50 divide 1869277?
False
Does 3 divide 91680?
True
Does 5 divide 814230?
True
Is 54354 a multiple of 36?
False
Does 105 divide 6355440?
True
Does 316 divide 4064708?
True
Does 8 divide 378123?
False
Is 226 a factor of 32544?
True
Is 276 a factor of 1273305?
False
Is 60 a factor of 381583?
False
Is 43 a factor of 1575545?
False
Is 6076 a multiple of 4?
True
Is 3107272 a multiple of 4?
True
Is 3580753 a multiple of 293?
True
Is 135257 a multiple of 72?
False
Is 34 a factor of 16497060?
False
Does 1384 divide 2410928?
True
Is 5 a factor of 2472422?
False
Is 31 a factor of 1171065?
False
Is 202 a factor of 614686?
True
Does 45 divide 7800075?
True
Is 12 a factor of 247785?
